22*o - 1. Let x be n(-1). Calculate the greatest common divisor of 63 and x.
21
Suppose 4*o = o + 9. Suppose o*i - 2 = 10. Suppose 9*m - 360 = -m. What is the greatest common divisor of i and m?
4
Let f(z) = -1. Let q(v) = -v + 5. Let p(s) = -2*f(s) + q(s). Let i be p(-5). Calculate the greatest common divisor of 6 and i.
6
Suppose -2*i + c + 4*c = -4, 2*c = i - 4. Calculate the greatest common factor of i and 6.
6
Suppose 4*t + 60 = 14*t. Calculate the greatest common factor of t and 66.
6
Suppose k - s - 43 = 0, k + s = -4*k + 245. Let x = k + -24. What is the highest common factor of x and 16?
8
Let v = 15 + -4. Suppose -12 - 10 = -2*o. What is the highest common divisor of v and o?
11
Let h = 7 - 1. What is the greatest common divisor of h and 4?
2
Let d = 21 + 59. Suppose 0 = -v - 2, u + 4*v - d = -u. Calculate the greatest common divisor of 11 and u.
11
Let o be 3/(-2)*(-48)/(-9). Let u be (1 - (1 - 3)) + -5. Let z = u - o. What is the highest common factor of 6 and z?
6
Let x = 8 + -50. Let n be (-256)/(-14) - (-12)/x. Calculate the greatest common divisor of n and 12.
6
Suppose -3*w - 102 = -3*k, 4*k = -0*w + w + 148. What is the highest common factor of 19 and k?
19
Let i(j) = 3*j**2 - 5*j + 4. Let u be i(3). Suppose 2*z - 6 = -p, -5*p = -z - 0*z - 41. What is the highest common factor of u and p?
8
Let w(q) = q**3 + 11*q**2 + 4*q - 9. Let m be w(-9). Calculate the greatest common divisor of m and 13.
13
Let v(w) = 5*w**2 + 11 - 4*w**2 - 5*w**2 + 5*w**2. Let x be 3*4/(-6) + 2. Let c be v(x). What is the greatest common factor of c and 11?
11
Suppose 0 = 4*t + 12, -2*q - t = 2*q - 349. Let o be (462/63)/((-4)/(-6)). Calculate the greatest common factor of o and q.
11
Suppose 3*f - f - 40 = -2*b, 0 = -5*b - 4*f + 103. Suppose -2*o = 35 - 127. Calculate the highest common divisor of o and b.
23
Let x(t) = -t**3 - 11*t**2 - 14*t - 13. Let c be x(-10). Calculate the highest common factor of 3 and c.
3
Let n(s) = s - 3. Let v be ((-14)/(-14))/(1/5). Let g be n(v). Calculate the greatest common divisor of g and 2.
2
Let k be ((-6)/5)/(9/30). Let g = k + 4. Suppose g*q - 80 = -4*q. What is the highest common divisor of 8 and q?
4
Suppose x + 5 = 0, -3*g + 6*g - 683 = -2*x. Let i = -3 + 24. Calculate the greatest common factor of g and i.
21
Let a = -9 - -19. Let u be (4/a)/(2/130). What is the greatest common divisor of 39 and u?
13
Let l be -1 + ((-1)/(-1) - -7). Suppose x + 2*s - 30 = -x, -x + 3*s + l = 0. Calculate the highest common divisor of 91 and x.
13
Suppose -3*d + 4*d - j - 4 = 0, -d = -5*j. Let u(x) = -x**3 + 7*x**2 - 5*x - 5. Let o be u(d). Calculate the highest common divisor of o and 5.
5
Let d(z) = z**3 + 11*z**2 - 5*z + 1. Let l be d(-11). What is the highest common factor of l and 28?
28
Let k(m) = 48*m. Let t be k(3). Suppose 2*h + 4*d - 36 = 0, 5*d + 37 + 17 = 3*h. Calculate the greatest common factor of h and t.
18
Let x be (-36)/(12/(-112) - 0). Suppose -3*n + v - 114 = -358, 4*n - 4*v = x. Calculate the highest common divisor of 8 and n.
8
Suppose -81*m + 85*m - 92 = 0. Calculate the highest common factor of 92 and m.
23
Let s(x) = 20*x + 8. Let y(g) = -13*g - 5. Let u(a) = -5*s(a) - 8*y(a). Let i = 16 - 10. Let n be u(i). Calculate the highest common divisor of 3 and n.
3
Suppose 4*p - 48 = 4*v, p - 6*p - 24 = v. Let l = 42 - 17. Let f = l + v. Calculate the highest common factor of 55 and f.
11
Suppose -6*l + l = 3*y - 31, 2*l - 6 = 2*y. Suppose -y*s + 207 = -s. Calculate the greatest common factor of s and 23.
23
Suppose -464*d + 452*d + 12 = 0. Let g(l) = l**2 + 3*l + 3. Let t be g(-4). What is the highest common divisor of d and t?
1
Let r(n) = -n**3 - 9*n**2 - n + 4. Let v be r(-9). Suppose -4*a + 156 = -a. What is the greatest common factor of v and a?
13
Let d = 7 - 1. Let j be 4 - (d/(-1))/(-3). Suppose j*k = 37 - 9. Calculate the greatest common factor of 98 and k.
14
Let a(y) = y**3 - 3*y - 4. Let l be a(4). Calculate the highest common divisor of l and 8.
8
Suppose -y + 4 = 2. Let c = 4 + y. Calculate the greatest common factor of c and 12.
6
Suppose 0 = 4*u - 3*u - 13. Let i = u + 1. What is the highest common divisor of 14 and i?
14
Let s = 14 - 30. Let m = 26 + s. Calculate the highest common factor of m and 100.
10
Let u(z) = -z**3 + 10*z**2 - 10*z + 5. Let r be u(9). Let g be (8 - 7)/(2/r). Let a be 2*(-5)/2*g. What is the highest common divisor of 50 and a?
10
Let p be 1 + 1 - 2/(-2). Calculate the highest common divisor of p and 57.
3
Suppose 5*a - 3*a = 120. Suppose -5*d - 28 + 80 = 2*b, -5*b + 5*d + a = 0. What is the highest common factor of b and 112?
16
Suppose 4*d - 2*l - 17 = 19, -3*l = 3*d - 36. Let r be 180/(-27)*18/(-4). What is the greatest common divisor of d and r?
10
Let h be (-2 + 72/16)*(-324)/(-10). Let w = 56 - 29. Calculate the highest common divisor of h and w.
27
Suppose -5*a + 70 - 55 = 0. Calculate the greatest common factor of 12 and a.
3
Let s be 2 - -4*3/6. Let z be (-18)/(-5)*(s + 1). Calculate the greatest common factor of z and 54.
18
Let x be -60*(-3)/(-6)*-3. Suppose 0*o + x = 2*o. Suppose -f - 2*a + o = 0, -5*f + 0*a + 225 = a. Calculate the greatest common factor of 15 and f.
15
Suppose 23*o = 19*o + 192. Calculate the greatest common factor of 48 and o.
48
Let k = 112 + 31. Suppose -4*h + 277 + k = 0. What is the highest common divisor of 42 and h?
21
Suppose -c + 2 = -0*c. Suppose 4*a - 38 = c*a. Let i = -9 + a. What is the greatest common divisor of 25 and i?
5
Suppose 45 = 3*f + 2*g + 3*g, 5*f - 75 = 4*g. Let o = -70 - -100. Calculate the highest common divisor of o and f.
15
Let x(j) = 2*j**2 - 6*j - 7. Let n be x(-2). Calculate the highest common factor of n and 26.
13
Let m = -1 - -1. Suppose m = 2*z - 5*n - 45, -z + 4*n = 2*n - 20. Let y be 20/6*(21 - -3). What is the greatest common divisor of y and z?
10
Suppose 2*j = -3*j - 2*g + 235, 2*g = 4*j - 188. Let r be (-3 - -3) + 1 + j. Calculate the highest common divisor of 12 and r.
12
Let q be 18*(1 - (1 + -1)). Let k = -442 - -586. What is the highest common factor of k and q?
18
Suppose 2*j + l = -0*l + 5, 2*l - 10 = j. Suppose j = -5*y + 5. What is the highest common divisor of 9 and y?
1
Let x be (-29)/(-3) + (-1)/(-3). Let c be 12/x*(-30)/(-9). Suppose -4*z - 5*t + 88 + 108 = 0, -3*t + 144 = 3*z. Calculate the highest common divisor of z and c.
4
Suppose -5 - 7 = -3*x. Let p be -14*(-14)/x*1. Let k be (-5)/(-5)*p*1. Calculate the greatest common divisor of 7 and k.
7
Suppose 107 = 2*m + 5*q - 14, 4*m = 5*q + 167. What is the greatest common factor of 12 and m?
12
Suppose x + l = -0*l + 11, -l - 31 = -5*x. Calculate the highest common divisor of 35 and x.
7
Suppose -4*b = -9*b - 5. Let c be ((-6)/2)/(b/13). What is the greatest common factor of c and 13?
13
Let s(d) = -d + 22. Let l be s(9). What is the greatest common factor of l and 13?
13
Let b be (8/3)/((-2)/(-3)). Let u = b + 41. Calculate the highest common divisor of u and 9.
9
Suppose 6*u = u. Suppose 3*w = 2*a - 15, -2*w + 6 = -u*w. Calculate the highest common factor of 96 and a.
12
Suppose -4*h + 1 = -11. Suppose 0 = -8*d + h*d + 605. What is the highest common factor of d and 11?
11
Let o(n) = 35*n**3 + 4*n - 4. Let q be o(3). Suppose 5*z - q = -238. Suppose 5*l = -3*t - 2 + 76, -2*l + 29 = t. What is the greatest common divisor of z and l?
13
Suppose -4*a = 0, 59 - 15 = 2*t - 2*a. Calculate the greatest common divisor of 176 and t.
22
Suppose -308 = -2*g + 4*a, -3*a = -5*a + 8. Calculate the greatest common divisor of g and 18.
18
Let w = 32 + -9. What is the greatest common divisor of 46 and w?
23
Let o(w) = w**3 + 8*w**2 - w + 10. Let d be o(-6). What is the greatest common factor of d and 11?
11
Let z(q) be the first derivative of -q**3/3 + 17*q**2/2 - 7*q + 3. Let j be z(8). What is the highest common divisor of 13 and j?
13
Let k be (((-12)/(-9))/(-4))/(1/3). Let t be (4/(-10))/((-2)/10). Let z be (k + -1 - -10) + t. Calculate the greatest common factor of 4 and z.
2
Suppose 0*t = 3*t - 465. Suppose 17 = -2*g + 2*k + 79, 5*g = -4*k + t. Suppose 2*f - 13 = g. What is the greatest common divisor of 2 and f?
2
Suppose -2*s + 15 = -15. Let t(w) = -26*w + 1. Let v be t(-4). What is the greatest common divisor of s and v?
15
Suppose -8*p + 1